 is the remainder when 1006 is divided by 16?
14
Calculate the remainder when 20 is divided by 15.
5
What is the remainder when 5366 is divided by 22?
20
What is the remainder when 18 is divided by 3?
0
Calculate the remainder when 887 is divided by 87.
17
What is the remainder when 498 is divided by 36?
30
What is the remainder when 188 is divided by 74?
40
What is the remainder when 262 is divided by 44?
42
What is the remainder when 227 is divided by 49?
31
Calculate the remainder when 897 is divided by 32.
1
Calculate the remainder when 839 is divided by 12.
11
Calculate the remainder when 623 is divided by 90.
83
Calculate the remainder when 180 is divided by 23.
19
Calculate the remainder when 1005 is divided by 165.
15
What is the remainder when 231 is divided by 17?
10
What is the remainder when 156 is divided by 64?
28
What is the remainder when 147 is divided by 51?
45
Calculate the remainder when 73 is divided by 7.
3
What is the remainder when 162 is divided by 32?
2
What is the remainder when 5126 is divided by 54?
50
Calculate the remainder when 2284 is divided by 2243.
41
Calculate the remainder when 59 is divided by 17.
8
What is the remainder when 7949 is divided by 106?
105
Calculate the remainder when 1067 is divided by 508.
51
Calculate the remainder when 29367 is divided by 330.
327
What is the remainder when 334 is divided by 56?
54
What is the remainder when 11646 is divided by 52?
50
Calculate the remainder when 91 is divided by 59.
32
What is the remainder when 420 is divided by 46?
6
Calculate the remainder when 5627 is divided by 18.
11
Calculate the remainder when 64 is divided by 18.
10
Calculate the remainder when 69 is divided by 8.
5
Calculate the remainder when 622 is divided by 13.
11
Calculate the remainder when 258 is divided by 54.
42
Calculate the remainder when 717 is divided by 15.
12
Calculate the remainder when 388 is divided by 15.
13
What is the remainder when 236 is divided by 22?
16
Calculate the remainder when 200 is divided by 67.
66
Calculate the remainder when 1422 is divided by 277.
37
Calculate the remainder when 1279 is divided by 96.
31
Calculate the remainder when 19991 is divided by 119.
118
What is the remainder when 1403 is divided by 2?
1
Calculate the remainder when 215 is divided by 75.
65
Calculate the remainder when 594 is divided by 119.
118
Calculate the remainder when 114 is divided by 15.
9
Calculate the remainder when 284 is divided by 38.
18
What is the remainder when 601 is divided by 193?
22
Calculate the remainder when 1217 is divided by 14.
13
Calculate the remainder when 871 is divided by 120.
31
Calculate the remainder when 218 is divided by 71.
5
Calculate the remainder when 6270 is divided by 51.
48
Calculate the remainder when 1258 is divided by 128.
106
What is the remainder when 322 is divided by 72?
34
What is the remainder when 420 is divided by 47?
44
Calculate the remainder when 8725 is divided by 47.
30
Calculate the remainder when 3049 is divided by 36.
25
Calculate the remainder when 5855 is divided by 93.
89
What is the remainder when 2879 is divided by 191?
14
Calculate the remainder when 38 is divided by 24.
14
What is the remainder when 76 is divided by 29?
18
Calculate the remainder when 38 is divided by 14.
10
Calculate the remainder when 252 is divided by 7.
0
What is the remainder when 772 is divided by 227?
91
Calculate the remainder when 447 is divided by 42.
27
What is the remainder when 39344 is divided by 382?
380
What is the remainder when 328 is divided by 67?
60
Calculate the remainder when 82 is divided by 22.
16
Calculate the remainder when 47 is divided by 7.
5
Calculate the remainder when 288 is divided by 15.
3
What is the remainder when 153 is divided by 31?
29
What is the remainder when 73 is divided by 42?
31
Calculate the remainder when 101 is divided by 21.
17
What is the remainder when 248 is divided by 62?
0
Calculate the remainder when 1331 is divided by 424.
59
What is the remainder when 36 is divided by 12?
0
What is the remainder when 445 is divided by 141?
22
Calculate the remainder when 903 is divided by 8.
7
What is the remainder when 45 is divided by 34?
11
What is the remainder when 1726 is divided by 12?
10
What is the remainder when 234 is divided by 46?
4
Calculate the remainder when 632 is divided by 60.
32
Calculate the remainder when 171 is divided by 42.
3
Calculate the remainder when 10182 is divided by 134.
132
What is the remainder when 341 is divided by 69?
65
What is the remainder when 12371 is divided by 46?
43
What is the remainder when 3220 is divided by 21?
7
Calculate the remainder when 1585 is divided by 61.
60
What is the remainder when 489 is divided by 192?
105
Calculate the remainder when 117 is divided by 55.
7
Calculate the remainder when 100 is divided by 27.
19
Calculate the remainder when 4302 is divided by 35.
32
What is the remainder when 134 is divided by 20?
14
Calculate the remainder when 23 is divided by 13.
10
Calculate the remainder when 435 is divided by 15.
0
What is the remainder when 1279 is divided by 255?
4
What is the remainder when 583 is divided by 196?
191
Calculate the remainder when 665 is divided by 18.
17
What is the remainder when 351 is divided by 272?
79
What is the remainder when 1276 is divided by 144?
124
What is the remainder when 130 is divided by 33?
31
Calculate the remainder when 1021 is divided by 201.
16
Calculate the remainder when 391 is divided by 33.
28
What is the remainder when 38 is divided by 26?
12
Calculate the remainder when 130 is divided by 80.
50
What is the remainder when 3800 is divided by 68?
60
Calculate the remainder when 166 is divided by 51.
13
What is the remainder when 390 is divided by 67?
55
What is the remainder when 21153 is divided by 164?
161
What is the remainder when 192 is divided by 5?
2
Calculate the remainder when 391 is divided by 28.
27
Calculate the remainder when 209 is divided by 111.
98
Calculate the remainder when 91 is divided by 58.
33
Calculate the remainder when 301 is divided by 171.
130
Calculate the remainder when 6449 is divided by 150.
149
Calculate the remainder when 445 is divided by 120.
85
What is the remainder when 949 is divided by 38?
37
What is the remainder when 406 is divided by 41?
37
Calculate the remainder when 9962 is divided by 106.
104
Calculate the remainder when 57 is divided by 5.
2
Calculate the remainder when 753 is divided by 63.
60
Calculate the remainder when 22815 is divided by 326.
321
Calculate the remainder when 15 is divided by 3.
0
What is the remainder when 170 is divided by 34?
0
What is the remainder when 4504 is divided by 14?
10
What is the remainder when 156 is divided by 23?
18
What is the remainder when 914 is divided by 7?
4
Calculate the remainder when 591 is divided by 181.
48
Calculate the remainder when 368 is divided by 7.
4
What is the remainder when 1489 is divided by 71?
69
What is the remainder when 5628 is divided by 803?
7
Calculate the remainder when 176 is divided by 18.
14
Calculate the remainder when 1596 is divided by 34.
32
Calculate the remainder when 997 is divided by 25.
22
Calculate the remainder when 632 is divided by 43.
30
What is the remainder when 458 is divided by 46?
44
What is the remainder when 120 is divided by 32?
24
What is the remainder when 64 is divided by 17?
13
What is the remainder when 3075 is divided by 29?
1
Calculate the remainder when 78 is divided by 25.
3
What is the remainder when 756 is divided by 69?
66
Calculate the remainder when 7070 is divided by 21.
14
Calculate the remainder when 66 is divided by 19.
9
What is the remainder when 1003 is divided by 346?
311
What is the remainder when 102 is divided by 8?
6
What is the remainder when 132 is divided by 36?
24
Calculate the remainder when 360 is divided by 50.
10
What is the remainder when 2831 is divided by 81?
77
Calculate the remainder when 555 is divided by 33.
27
What is the remainder when 82 is divided by 74?
8
Calculate the remainder when 513 is divided by 75.
63
Calculate the remainder when 6401 is divided by 1598.
9
Calculate the remainder when 21 is divided by 15.
6
What is the remainder when 6496 is divided by 18?
16
Calculate the remainder when 657 is divi